are the prime factors of 41157?
3, 17, 269
List the prime factors of 174709.
17, 43, 239
List the prime factors of 2088776.
2, 191, 1367
What are the prime factors of 174770?
2, 5, 17477
List the prime factors of 491295.
3, 5, 7, 4679
What are the prime factors of 321088?
2, 29, 173
List the prime factors of 1966928.
2, 269, 457
List the prime factors of 38251.
29, 1319
What are the prime factors of 14211958?
2, 2141, 3319
What are the prime factors of 237231?
3, 43, 613
List the prime factors of 4150966.
2, 2075483
What are the prime factors of 4344866?
2, 2172433
What are the prime factors of 5995675?
5, 7, 34261
What are the prime factors of 199730?
2, 5, 19973
What are the prime factors of 394413?
3, 31, 4241
What are the prime factors of 183201?
3, 79, 773
What are the prime factors of 130183?
130183
What are the prime factors of 714012?
2, 3, 13, 23, 199
What are the prime factors of 2141113?
13, 164701
What are the prime factors of 6451145?
5, 41, 31469
What are the prime factors of 3839138?
2, 947, 2027
List the prime factors of 16588903.
16588903
What are the prime factors of 1568408?
2, 196051
List the prime factors of 11366589.
3, 13, 379, 769
What are the prime factors of 6637069?
31, 347, 617
List the prime factors of 303475.
5, 61, 199
List the prime factors of 9741615.
3, 5, 13, 49957
List the prime factors of 2806730.
2, 5, 280673
List the prime factors of 612877.
612877
What are the prime factors of 13705133?
13, 37, 28493
What are the prime factors of 21859500?
2, 3, 5, 13, 19, 59
List the prime factors of 5005314.
2, 3, 3433
What are the prime factors of 2831860?
2, 5, 17, 8329
List the prime factors of 1093193.
83, 13171
What are the prime factors of 30277426?
2, 389, 38917
List the prime factors of 929519.
47, 19777
List the prime factors of 1945257.
3, 383, 1693
List the prime factors of 171671.
171671
What are the prime factors of 794220?
2, 3, 5, 7, 31, 61
What are the prime factors of 3526505?
5, 163, 4327
List the prime factors of 980091.
3, 7, 47, 331
What are the prime factors of 2340055?
5, 468011
What are the prime factors of 73735?
5, 14747
List the prime factors of 1001562.
2, 3, 79, 2113
What are the prime factors of 10777575?
3, 5, 17, 79, 107
What are the prime factors of 16165071?
3, 13, 138163
What are the prime factors of 2005935?
3, 5, 173, 773
What are the prime factors of 2466003?
3, 17, 48353
What are the prime factors of 1863299?
23, 81013
List the prime factors of 2257386.
2, 3, 376231
List the prime factors of 1361027.
19, 71633
What are the prime factors of 624445?
5, 71, 1759
List the prime factors of 2314323.
3, 11, 97, 241
List the prime factors of 97929.
3, 13, 31
List the prime factors of 18715.
5, 19, 197
What are the prime factors of 1768807?
137, 12911
List the prime factors of 3930426.
2, 3, 218357
List the prime factors of 663022.
2, 331511
What are the prime factors of 199367?
7, 19, 1499
List the prime factors of 2592170.
2, 5, 7, 19, 1949
List the prime factors of 30277.
13, 17, 137
What are the prime factors of 1728813?
3, 331, 1741
List the prime factors of 220230.
2, 3, 5, 2447
List the prime factors of 14044557.
3, 4681519
List the prime factors of 1201363.
199, 6037
What are the prime factors of 41188?
2, 7, 1471
List the prime factors of 3629391.
3, 293, 4129
List the prime factors of 5421325.
5, 7, 13, 2383
List the prime factors of 216651.
3, 257, 281
What are the prime factors of 1319480?
2, 5, 32987
What are the prime factors of 77069?
77069
What are the prime factors of 5394409?
607, 8887
What are the prime factors of 14308407?
3, 17, 10391
List the prime factors of 7386140.
2, 5, 73, 5059
List the prime factors of 2457107.
73, 97, 347
What are the prime factors of 1153310?
2, 5, 115331
List the prime factors of 21090168.
2, 3, 11, 31, 859
List the prime factors of 587314.
2, 7, 13, 461
What are the prime factors of 16115649?
3, 11, 488353
What are the prime factors of 232161?
3, 19, 4073
List the prime factors of 6506272.
2, 203321
What are the prime factors of 7355696?
2, 17, 27043
List the prime factors of 2083047.
3, 694349
List the prime factors of 1397155.
5, 279431
List the prime factors of 13049802.
2, 3, 241663
What are the prime factors of 3612611?
601, 6011
List the prime factors of 587970.
2, 3, 5, 47, 139
What are the prime factors of 4269?
3, 1423
List the prime factors of 6675916.
2, 13, 19, 29, 233
What are the prime factors of 12304662?
2, 3, 2050777
List the prime factors of 14611812.
2, 3, 1217651
List the prime factors of 2496980.
2, 5, 19, 6571
List the prime factors of 2537521.
7, 23, 15761
List the prime factors of 73351.
73351
List the prime factors of 28569116.
2, 179, 39901
What are the prime factors of 278231?
23, 12097
What are the prime factors of 1499?
1499
List the prime factors of 9824068.
2, 101, 24317
List the prime factors of 179447.
311, 577
List the prime factors of 384739.
59, 6521
What are the prime factors of 369368?
2, 46171
List the prime factors of 4606771.
13, 27259
What are the prime factors of 500102?
2, 250051
List the prime factors of 2813230.
2, 5, 7, 40189
What are the prime factors of 15452940?
2, 3, 5, 29, 83, 107
List the prime factors of 244363.
7, 4987
List the prime factors of 283495.
5, 31, 59
List the prime factors of 24685919.
37, 71, 9397
List the prime factors of 11430073.
11430073
What are the prime factors of 170298?
2, 3, 9461
List the prime factors of 452060.
2, 5, 7, 3229
What are the prime factors of 12766512?
2, 3, 11, 24179
List the prime factors of 19526493.
3, 7, 727, 1279
What are the prime factors of 10018026?
2, 3, 185519
List the prime factors of 13589990.
2, 5, 241, 5639
List the prime factors of 8331390.
2, 3, 5, 59, 523
What are the prime factors of 2238868?
2, 107, 5231
List the prime factors of 2385127.
19, 6607
What are the prime factors of 205765?
5, 7, 5879
List the prime factors of 47769.
3, 15923
What are the prime factors of 2068982?
2, 1034491
List the prime factors of 5003659.
5003659
List the prime factors of 261169.
261169
List the prime factors of 1318707.
3, 13, 17
What are the prime factors of 1686366?
2, 3, 11, 17, 167
List the prime factors of 8551298.
2, 7, 89, 6863
What are the prime factors of 18799631?
2861, 6571
What are the prime factors of 1357713?
3, 7, 23, 937
List the prime factors of 15132128.
2, 11, 42989
What are the prime factors of 14917?
7, 2131
List the prime factors of 26526317.
26526317
What are the prime factors of 510695?
5, 102139
List the prime factors of 3210315.
3, 5, 214021
What are the prime factors of 2880728?
2, 360091
List the prime factors of 500561.
73, 6857
List the prime factors of 513351.
3, 19013
List the prime factors of 14729.
11, 13, 103
What are the prime factors of 13034?
2, 7, 19
List the prime factors of 6451565.
5, 31, 107, 389
What are the prime factors of 154229?
154229
What are the prime factors of 670670?
2, 5, 7, 11, 13, 67
List the prime factors of 30759867.
3, 3417763
What are the prime factors of 7574993?
7574993
What are the prime factors of 201398?
2, 100699
List the prime factors of 2667528.
2, 3, 37049
What are the prime factors of 1396534?
2, 61, 11447
What are the prime factors of 38326835?
5, 29, 264323
What are the prime factors of 3409046?
2, 61, 27943
List the prime factors of 382442.
2, 43, 4447
List the prime factors of 1918959.
3, 7, 23, 29, 137
What are the prime factors of 4034062?
2, 23, 87697
List the prime factors of 2927000.
2, 5, 2927
What are the prime factors of 7623314?
2, 3811657
What are the prime factors of 441410?
2, 5, 37, 1193
What are the prime factors of 1366758?
2, 3, 75931
What are the prime factors of 1400051?
1400051
What are the prime factors of 153988?
2, 137, 281
What are the prime factors of 421110?
2, 3, 5, 4679
List the prime factors of 629889.
3, 13, 31, 521
What are the prime factors of 3796?
2, 13, 73
List the prime factors of 6041262.
2, 3, 1006877
List the prime factors of 1485079.
409, 3631
What are the prime factors of 1056730?
2, 5, 105673
List the prime factors of 33882247.
7, 227, 21323
What are the prime factors of 21110669?
21110669
What are the prime factors of 181056?
2, 3, 23, 41
What are the prime factors of 2741303?
2741303
What are the prime factors of 6013967?
1453, 